common factor of 190682 and 4958.
134
What is the highest common divisor of 1677260 and 9230?
130
Calculate the highest common factor of 4477 and 639736438.
4477
What is the highest common divisor of 517529 and 205558?
79
Calculate the highest common factor of 40580925 and 275.
275
Calculate the greatest common divisor of 68 and 4935899.
17
Calculate the highest common divisor of 321286 and 18552751.
3031
What is the highest common factor of 8 and 65209192?
8
Calculate the greatest common divisor of 854283 and 2004411.
489
What is the highest common factor of 263298 and 1918?
14
What is the highest common divisor of 917465 and 43555?
1405
What is the highest common divisor of 3302314 and 76?
38
What is the highest common factor of 131875 and 564425?
5275
What is the greatest common factor of 2420883 and 603?
9
What is the highest common divisor of 7547796 and 2484?
108
Calculate the highest common divisor of 1099140 and 2688.
84
What is the highest common factor of 2244 and 578085?
51
Calculate the highest common factor of 756934 and 142.
2
What is the highest common divisor of 355655 and 41915?
415
Calculate the highest common factor of 4335 and 2079270.
255
Calculate the highest common divisor of 608 and 6097176.
152
What is the greatest common factor of 6034392 and 637?
91
Calculate the greatest common factor of 35911 and 829.
1
Calculate the highest common divisor of 31270 and 1972370.
590
What is the greatest common divisor of 1947 and 24747?
3
Calculate the greatest common divisor of 828460 and 37260.
460
What is the greatest common divisor of 234 and 8658756?
18
Calculate the highest common factor of 647 and 10494987.
647
What is the highest common divisor of 31959 and 5777?
53
Calculate the highest common factor of 677138 and 6314.
154
Calculate the greatest common divisor of 31 and 414589009.
31
What is the greatest common factor of 2154 and 4959226?
718
What is the greatest common divisor of 85630396 and 13972?
1996
What is the greatest common divisor of 72 and 180568272?
24
Calculate the highest common factor of 1878836 and 4338.
482
What is the greatest common factor of 11056067 and 1342?
671
Calculate the greatest common factor of 27958964 and 220.
44
Calculate the highest common factor of 190414 and 7119152.
3886
What is the highest common factor of 512593631 and 178?
89
Calculate the greatest common factor of 682188 and 39624.
156
Calculate the greatest common factor of 117 and 1239979.
13
What is the greatest common factor of 5668 and 190060?
52
Calculate the highest common factor of 13631488 and 76544.
3328
What is the highest common divisor of 7480 and 508810?
170
Calculate the highest common divisor of 10374 and 18487.
133
What is the greatest common factor of 11514 and 5434?
38
Calculate the greatest common factor of 4255 and 1461685.
185
What is the greatest common divisor of 13308 and 52908?
12
Calculate the highest common divisor of 241 and 112192489.
241
What is the highest common factor of 65890935 and 11583?
297
Calculate the highest common divisor of 624 and 12501879.
39
Calculate the greatest common factor of 96 and 12645708.
12
Calculate the greatest common factor of 19827 and 16207471.
2203
What is the greatest common factor of 1144 and 65753831?
143
Calculate the highest common divisor of 27873 and 146700.
1467
What is the highest common divisor of 53479530 and 10530?
1170
What is the greatest common divisor of 585 and 3034330?
65
Calculate the highest common divisor of 17150 and 265139.
343
What is the greatest common factor of 9114714 and 2422?
14
What is the highest common factor of 38561336 and 608?
152
What is the highest common divisor of 47069856 and 1488?
48
Calculate the greatest common factor of 20233447 and 2353.
2353
Calculate the highest common factor of 21561698 and 221402.
7142
Calculate the greatest common divisor of 22170 and 6126.
6
What is the greatest common factor of 1130 and 14871365?
565
Calculate the greatest common factor of 32066596 and 752.
188
Calculate the greatest common factor of 25870 and 83703380.
1990
What is the greatest common divisor of 8755 and 3726060?
85
Calculate the greatest common factor of 26810 and 3589859.
2681
Calculate the greatest common factor of 10440 and 5009112.
2088
What is the highest common divisor of 4659 and 2616?
3
Calculate the greatest common factor of 467248 and 434971.
1537
Calculate the highest common factor of 20456480 and 788.
788
What is the highest common divisor of 903165 and 4560?
285
Calculate the greatest common factor of 159501932 and 1572.
524
Calculate the highest common divisor of 2178 and 1862674.
242
What is the highest common factor of 4180682 and 198?
22
What is the greatest common factor of 475 and 38223725?
475
What is the greatest common factor of 12419 and 34749?
11
Calculate the greatest common factor of 99820625 and 125.
125
What is the highest common factor of 100837 and 225364?
103
What is the highest common factor of 43232 and 1287503?
1351
What is the greatest common factor of 1480878 and 32200?
322
What is the highest common factor of 504 and 146080?
8
What is the greatest common divisor of 15891568 and 84?
28
Calculate the greatest common divisor of 3260 and 7474365.
815
Calculate the greatest common factor of 1434 and 15604071.
717
What is the highest common factor of 644875 and 14938?
77
Calculate the greatest common divisor of 4314815 and 77405.
685
Calculate the highest common divisor of 146084110 and 90.
10
Calculate the greatest common divisor of 70533437 and 1391.
1391
What is the highest common divisor of 32 and 9807568?
16
What is the highest common factor of 5464441 and 1537?
29
What is the greatest common factor of 263 and 64884204?
263
Calculate the highest common divisor of 703876 and 11795828.
4724
Calculate the greatest common divisor of 436 and 28655228.
436
What is the highest common factor of 13695 and 219260685?
1245
Calculate the highest common divisor of 31929 and 87377.
29
Calculate the highest common factor of 4289877 and 76.
19
Calculate the greatest common divisor of 661791 and 69549.
717
Calculate the highest common divisor of 34200 and 5688.
72
What is the highest common divisor of 77720757 and 888?
111
Calculate the greatest common divisor of 22 and 214811608.
22
Calculate the greatest common factor of 81747536 and 13.
13
What is the greatest common factor of 420 and 88757040?
60
What is the highest common divisor of 1805 and 264836820?
1805
Calculate the greatest common divisor of 209129417 and 28.
7
Calculate the highest common divisor of 739955 and 703.
19
What is the highest common divisor of 416 and 1335334?
26
What is the highest common factor of 4289 and 782051971?
4289
What is the greatest common factor of 64608 and 20912802?
4038
Calculate the greatest common factor of 71213 and 11961370.
1207
Calculate the highest common factor of 965 and 19058364.
193
What is the greatest common divisor of 684300 and 1500?
300
Calculate the highest common factor of 291939 and 552.
69
What is the highest common divisor of 124 and 266834453?
31
What is the highest common factor of 52 and 3743838436?
52
Calculate the greatest common divisor of 11412 and 527283.
9
What is the greatest common factor of 1151430 and 672?
42
What is the highest common factor of 116200018 and 1892?
946
What is the highest common factor of 11352 and 63152724?
516
Calculate the greatest common factor of 193318 and 60962.
326
Calculate the greatest common factor of 4883224 and 2270.
454
Calculate the greatest common divisor of 343 and 30219133.
49
Calculate the highest common factor of 133274542 and 106.
106
What is the greatest common factor of 226626441 and 569?
569
What is the greatest common factor of 1955152136 and 1372?
1372
Calculate the highest common factor of 460 and 836860.
20
Calculate the greatest common divisor of 221594272 and 16.
16
Calculate the greatest common divisor of 1735839 and 3068.
59
Calculate the highest common factor of 1415934 and 6318.
702
Calculate the highest common divisor of 11267742 and 642.
642
What is the highest common factor of 304 and 1296047?
19
Calculate the greatest common divisor of 131454102 and 3.
3
Calculate the greatest common factor of 3543 and 1052260371.
3543
What is the hig